f 14671?
6
What is the thousands digit of 2959?
2
What is the thousands digit of 16127?
6
What is the units digit of 4200?
0
What is the thousands digit of 33986?
3
What is the tens digit of 6573?
7
What is the units digit of 7125?
5
What is the units digit of 79915?
5
What is the thousands digit of 5494?
5
What is the units digit of 1335?
5
What is the thousands digit of 2747?
2
What is the hundreds digit of 6366?
3
What is the units digit of 2006?
6
What is the units digit of 392?
2
What is the tens digit of 1087?
8
What is the tens digit of 548?
4
What is the tens digit of 55072?
7
What is the ten thousands digit of 20464?
2
What is the tens digit of 4030?
3
What is the hundreds digit of 7067?
0
What is the ten thousands digit of 19341?
1
What is the hundreds digit of 780?
7
What is the units digit of 576?
6
What is the hundreds digit of 481?
4
What is the ten thousands digit of 14295?
1
What is the units digit of 6?
6
What is the units digit of 3054?
4
What is the hundreds digit of 4172?
1
What is the units digit of 323?
3
What is the hundreds digit of 55504?
5
What is the hundreds digit of 279?
2
What is the tens digit of 1055?
5
What is the tens digit of 6001?
0
What is the thousands digit of 1044?
1
What is the tens digit of 50693?
9
What is the hundreds digit of 23513?
5
What is the ten thousands digit of 11104?
1
What is the units digit of 72?
2
What is the hundreds digit of 11578?
5
What is the thousands digit of 1008?
1
What is the thousands digit of 44749?
4
What is the units digit of 4021?
1
What is the units digit of 44036?
6
What is the tens digit of 1123?
2
What is the tens digit of 110431?
3
What is the thousands digit of 32743?
2
What is the hundreds digit of 40171?
1
What is the tens digit of 10492?
9
What is the tens digit of 6643?
4
What is the thousands digit of 8174?
8
What is the ten thousands digit of 22813?
2
What is the units digit of 2491?
1
What is the hundreds digit of 3489?
4
What is the hundreds digit of 4178?
1
What is the hundreds digit of 1461?
4
What is the units digit of 2116?
6
What is the tens digit of 36765?
6
What is the hundred thousands digit of 125582?
1
What is the ten thousands digit of 24115?
2
What is the tens digit of 1755?
5
What is the hundreds digit of 12133?
1
What is the tens digit of 7234?
3
What is the thousands digit of 19211?
9
What is the tens digit of 588?
8
What is the hundreds digit of 2932?
9
What is the units digit of 4002?
2
What is the tens digit of 5278?
7
What is the tens digit of 64301?
0
What is the tens digit of 43622?
2
What is the thousands digit of 22118?
2
What is the ten thousands digit of 56989?
5
What is the units digit of 2721?
1
What is the tens digit of 11865?
6
What is the tens digit of 4167?
6
What is the tens digit of 732?
3
What is the units digit of 1021?
1
What is the units digit of 1005?
5
What is the units digit of 9881?
1
What is the thousands digit of 36501?
6
What is the units digit of 448?
8
What is the hundreds digit of 2946?
9
What is the hundreds digit of 31066?
0
What is the ten thousands digit of 21264?
2
What is the ten thousands digit of 41942?
4
What is the hundreds digit of 95286?
2
What is the tens digit of 3001?
0
What is the tens digit of 11382?
8
What is the thousands digit of 21323?
1
What is the units digit of 8124?
4
What is the units digit of 1340?
0
What is the tens digit of 29596?
9
What is the units digit of 12545?
5
What is the tens digit of 3608?
0
What is the units digit of 5118?
8
What is the units digit of 15993?
3
What is the units digit of 1841?
1
What is the units digit of 87?
7
What is the hundreds digit of 1085?
0
What is the tens digit of 407?
0
What is the hundreds digit of 333?
3
What is the tens digit of 65632?
3
What is the thousands digit of 1156?
1
What is the units digit of 37754?
4
What is the tens digit of 87147?
4
What is the units digit of 1266?
6
What is the hundred thousands digit of 130942?
1
What is the tens digit of 160?
6
What is the units digit of 42380?
0
What is the tens digit of 7692?
9
What is the tens digit of 2478?
7
What is the units digit of 29283?
3
What is the hundreds digit of 2564?
5
What is the hundreds digit of 12424?
4
What is the units digit of 35279?
9
What is the thousands digit of 57533?
7
What is the units digit of 146?
6
What is the units digit of 788?
8
What is the thousands digit of 108530?
8
What is the tens digit of 104?
0
What is the hundreds digit of 375?
3
What is the hundreds digit of 2501?
5
What is the units digit of 2331?
1
What is the ten thousands digit of 18036?
1
What is the tens digit of 3087?
8
What is the tens digit of 3289?
8
What is the hundreds digit of 6760?
7
What is the thousands digit of 5668?
5
What is the units digit of 6458?
8
What is the hundreds digit of 796?
7
What is the tens digit of 4305?
0
What is the tens digit of 13200?
0
What is the hundreds digit of 6627?
6
What is the thousands digit of 56822?
6
What is the units digit of 12943?
3
What is the thousands digit of 1430?
1
What is the units digit of 4098?
8
What is the tens digit of 5617?
1
What is the units digit of 1756?
6
What is the thousands digit of 172980?
2
What is the thousands digit of 4254?
4
What is the tens digit of 46018?
1
What is the units digit of 7036?
6
What is the hundreds digit of 436?
4
What is the hundreds digit of 5183?
1
What is the tens digit of 19883?
8
What is the units digit of 1938?
8
What is the ten thousands digit of 55142?
5
What is the ten thousands digit of 158930?
5
What is the hundreds digit of 41547?
5
What is the units digit of 6245?
5
What is the hundreds digit of 83748?
7
What is the tens digit of 23062?
6
What is the hundreds digit of 5205?
2
What is the thousands digit of 45653?
5
What is the tens digit of 36138?
3
What is the thousands digit of 3770?
3
What is the hundreds digit of 304?
3
What is the hundreds digit of 1094?
0
What is the units digit of 6096?
6
What is the thousands digit of 1329?
1
What is the thousands digit of 3311?
3
What is the hundreds digit of 974?
9
What is the hundreds digit of 5071?
0
What is the hundreds digit of 616?
6
What is the units digit of 72842?
2
What is the units digit of 24884?
4
What is the ten thousands digit of 123337?
2
What is the units digit of 2975?
5
What is the thousands digit of 47365?
7
What is the hundreds digit of 110369?
3
What is the tens digit of 1754?
5
What is the tens digit of 78135?
3
What is the hundreds digit of 4111?
1
What is the units digit of 35160?
0
What is the tens digit of 5384?
8
What is the units digit of 1434?
4
What is the units digit of 487?
7
What is the thousands digit of 5248?
5
What is the units digit of 67186?
6
What is the tens digit of 972?
7
What is the hundreds digit of 7012?
0
What is the units digit of 22372?
2
What is the hundreds digit of 9025?
0
What is the thousands digit of 11373?
1
What is the hundreds digit of 72599?
5
What is the thousands digit of 1108?
1
What is the tens digit of 26457?
5
What is the thousands digit of 129774?
9
What is the hundreds digit of 12780?
7
What is the units digit of 6521?
1
What is the thousands digit of 23181?
3
What is the hundreds digit of 4354?
3
What is the thousands digit of 3334?
3
What is the ten thousands digit of 64341?
6
What is the thousands digit of 30491?
0
What is the units digit of 2438?
8
What is the thousands digit of 119781?
9
What is the thousands digit of 5835?
5
What is the tens digit of 559?
5
What is the ten thousands digit of 13392?
1
What is the thousands digit of 31729?
1
What is the thousands digit of 70588?
0
What is the units digit of 4074?
4
What is the units digit of 9144?
4
What is the units digit of 12545?
5
What is the thousands digit of 6145?
6
What is the tens digit of 4466?
6
What is the hundred thousands digit of 126870?
1
What is the thousands digit of 29153?
9
What is the ten thousands digit of 62571?
6
What is the tens digit of 1196?
9
What is the ten thousands digit of 17196?
1
What is the ten thousands digit of 10560?
1
What is the units digit of 7864?
4
What is the tens digit of 11393?
9
What is the tens digit of 5314?
1
What is the hundreds digit of 82757?
7
What is the units digit of 19106?
6
What is the ten thousands digit of 12708?
1
What is the tens digit of 965?
6
What is the tens